st common factor of 30 and b?
15
Let y be 4/22 - (-1083)/33. Let t be (-4 + y/9)*-6. Calculate the highest common factor of t and 8.
2
Suppose 0 = 10*p - 92*p + 1558. Let c(s) = 152*s**2. Let j be c(1). What is the greatest common divisor of j and p?
19
Let n(a) = -6*a - 1. Let l be n(-3). Let u(g) = 37*g - 94. Let o be u(3). Calculate the highest common factor of o and l.
17
Let f(v) = -4*v - 85. Let c be f(-28). What is the greatest common factor of 837 and c?
27
Let h = 18 + -12. Suppose i + 0*i = -h. Let s be (-3)/i*58 + 4. What is the highest common factor of 99 and s?
33
Let t be (-4)/(-2) - 594/(-66). Let k be ((-11)/(-4))/((-2)/(-8)). What is the highest common divisor of k and t?
11
Suppose 34*h = 2*h + 128. What is the highest common divisor of h and 388?
4
Let j be 28/14 - (-14)/2. What is the greatest common divisor of 144 and j?
9
Let t(n) = n**3 + 6*n**2 + 2*n + 6. Let a be t(-6). Let u = a + 5. Let s be 6/9 - u/3. What is the highest common factor of 5 and s?
1
Let k be (-2 + -4)*(-4 - -3). Let n be (-4)/(-30) + (-669)/(-45). What is the highest common divisor of k and n?
3
Suppose 3*v = -2*v, 0 = 5*x - 5*v - 10. Suppose x*m - 5*m + 450 = 0. Calculate the highest common factor of 6 and m.
6
Let z = 28 - 13. Let l be (-10)/z + 186/9. Suppose 3*v - 80 = -v. What is the greatest common factor of v and l?
20
Let c = 760 - 507. What is the highest common divisor of c and 11?
11
Let h(k) = -k**3 + 26*k**2 + 23*k + 119. Let g be h(27). What is the greatest common divisor of g and 209?
11
Suppose 552*g - 562*g + 960 = 0. Suppose -4*b + 2*b = -6. Suppose -144 = -4*c + 4*h, -c + 27 = -b*h - 17. Calculate the highest common divisor of c and g.
32
Let g(z) = 3*z**2 + 4*z. Let p be g(-3). Suppose -k = 5*a - 2*a + 465, -5*a - 755 = -5*k. Let v = -79 - a. What is the highest common factor of p and v?
15
Suppose -3*n + 54 = -3*s - s, 4*s + 38 = -5*n. Let f(d) = 2*d**2 - 4*d - 21. Let u be f(s). Calculate the greatest common divisor of u and 45.
45
Let d be ((-8)/12)/((-4)/(-6)) + -22. Let f = d + 29. Let a = 2 + 10. Calculate the greatest common factor of f and a.
6
Let b be 6/27 + (-24)/108 - -258. Calculate the highest common factor of b and 6.
6
Let v(f) = -f**3 - 2*f**2. Let i be v(-1). Let t be 0 + i - 56/8. Let s be t/(-28) - 332/(-14). Calculate the highest common divisor of 8 and s.
8
Let w(b) = -3*b - 6. Let m(f) = -2*f - 4. Let n(r) = -8*m(r) + 5*w(r). Let z be n(-5). Let a be z/4*(-2 - 2). Calculate the highest common divisor of a and 24.
3
Let o(z) = -166*z**3 - 1. Let a = 27 - 38. Let p(q) = -q**2 - 11*q - 1. Let i be p(a). Let v be o(i). Calculate the greatest common factor of v and 15.
15
Suppose 11*n = 9*n + 20. Suppose -r = -9*o + 4*o + 38, 0 = -2*o + 3*r + n. What is the highest common factor of 40 and o?
8
Suppose -86*c + 97*c - 99 = 0. What is the greatest common divisor of c and 171?
9
Let i be -6 - -3 - (7 - 55 - 6). Calculate the highest common factor of 1224 and i.
51
Suppose 4*t - 134 = x - 6*x, -3*t + 48 = 2*x. Calculate the highest common divisor of x and 20.
10
Let v = -676 + 696. What is the greatest common divisor of 4 and v?
4
Let o(g) = g**2 - 44*g + 117. Let n be o(0). Suppose -4*q = 1 - 53. Calculate the greatest common factor of q and n.
13
Let g(i) = 2*i**2 - 12*i + 38. Let w be g(17). Calculate the greatest common factor of w and 4.
4
Let i = 292 + -168. Calculate the greatest common divisor of 31 and i.
31
Suppose 0 = 13*x - 9*x - 44. Suppose -5*l - 652 = -3*s, 0 = -3*s + 6*l - x*l + 692. What is the greatest common factor of s and 28?
28
Let l(d) = 3*d**2 - 8*d + 13. Let m be l(-8). Suppose m = 15*g - 181. What is the highest common divisor of 15 and g?
15
Suppose 3*c + 6*m = 10*m + 53, -20 = 4*m. Calculate the greatest common divisor of 891 and c.
11
Suppose 15*i + 35 = 335. What is the highest common divisor of i and 85?
5
Let k(u) = -11*u + 11. Let z(m) = m**2 + 4*m - 3. Let v be z(-4). Let g be k(v). Suppose 0 = 2*s - 177 - 43. Calculate the greatest common factor of g and s.
22
Suppose -108 = -2*j + 2*h, -h - 4*h = 3*j - 178. What is the greatest common divisor of j and 84?
28
Let b be 17/1 - (-1 + 2). Let f(y) = 17*y - 2 + 5*y**2 - y**3 - 7*y - 2*y - 9*y. Let k be f(2). Calculate the highest common divisor of b and k.
8
Let h = 118 + -123. Let a(l) = 4*l**2 + 6*l + 38. Let w be a(h). What is the highest common divisor of 12 and w?
12
Suppose -5*m = -4*c + 52, -10*c - 13 = -11*c + m. Calculate the highest common divisor of 143 and c.
13
Let m be (-14)/(-35)*1*-35. Let c = 32 + m. What is the highest common factor of 12 and c?
6
Let l(u) = -11*u**2 + 9*u**2 + 5*u**2 - 3*u. Let f be ((-6)/(-2) + 1)*-1. Let g be l(f). What is the greatest common divisor of 24 and g?
12
Suppose -4*n + 18 + 38 = 0. Suppose -981 = 19*q - 2843. What is the highest common factor of q and n?
14
Suppose -l + 4 = 5*g, 5*l + 4*g - 17 = 3. Suppose 0 = 5*b - 73 - 167. Suppose -f = 2*f - b. Calculate the greatest common divisor of l and f.
4
Suppose -3*s = -4*s + 5. Let v be -1 + (-3 - -3) + 0 + 3. Suppose -4*a + 126 = 2*i, -2*a - 106 = -v*i - a. Calculate the greatest common divisor of i and s.
5
Let v be 44/(1/2 - 0). Let x be ((-273)/(-6) - 3) + 6/4. Let h = 55 - x. Calculate the greatest common factor of h and v.
11
Let v be (43 - (0 + -3))*-1. Let h = v + 74. Suppose 4*p + 12 = 4*i, 3*i + 2*p = -3*p + 17. Calculate the greatest common divisor of h and i.
4
Let t(y) = y + 3. Let m be t(8). Suppose -3*w + 56 = m. Calculate the greatest common factor of w and 60.
15
Suppose 53 = -5*v + 133. Suppose v = -5*m + 9*m. Suppose 401 = m*k + 3*p + 2*p, 2*k + 4*p = 196. Calculate the greatest common divisor of k and 13.
13
Suppose -b - 35 - 55 = -q, b = 3*q - 272. Calculate the highest common factor of 14 and q.
7
Suppose 2*u = -2*t + 138, -3*t - 188*u + 191*u + 225 = 0. What is the greatest common factor of 64 and t?
8
Let d be (1 - 2) + 1 - (2 - 5). Calculate the highest common divisor of 21 and d.
3
Let v be (29/(-2) - -5)*-4. What is the greatest common factor of v and 1558?
38
Let n = 32 + -28. Let d be 2 + (n - 2) - -9. Calculate the greatest common factor of 13 and d.
13
Suppose 6 = -2*x - 2*y, -4*y = 3*x - 3 + 17. Suppose 0 = -x*a - 5*a + 14. What is the greatest common divisor of a and 2?
2
Suppose -5*d = -7*d - 78. Let b be (d/(-14)*4)/(11/77). What is the greatest common factor of b and 26?
26
Suppose v = -4*v + 60. What is the highest common divisor of 60 and v?
12
Let c(l) = l**3 + 7*l**2 + 3*l - 2. Let a be c(-5). Let q = a - 23. Suppose -5 = -2*g + 5. Calculate the highest common factor of q and g.
5
Let y be (170/(-4))/(40/(-16)). Calculate the highest common factor of 9 and y.
1
Let x be (1245/(-25))/((-15)/50). Calculate the highest common factor of x and 83.
83
Let f(u) = u + 4. Let l be f(1). Suppose 117 = l*q + 32. Calculate the highest common factor of q and 187.
17
Let k be 3/9 - (-406)/6. Let i be (2/5)/((-74)/(-3145)). What is the greatest common divisor of i and k?
17
Let p = 24 - 39. Let q be (1 - (-12)/(-5))*p. Calculate the greatest common divisor of 3 and q.
3
Suppose -1 = -h + 17. Let p = -21 - -48. What is the highest common divisor of p and h?
9
Let b = -68 + 73. Suppose 4*t + 2*i - 162 = 0, -2*t + 2*i = -b - 85. Calculate the greatest common factor of t and 7.
7
Let d = 154 - 142. Calculate the highest common divisor of 24 and d.
12
Suppose 2*t - 77 = t. Let q(m) = -m + 6. Suppose 0 = 4*v - i + 17, -11 = -2*v - 4*i - 33. Let n be q(v). Calculate the highest common factor of n and t.
11
Let r(y) = -97*y**2 - 2*y + 2. Let d be r(1). Let c = d - -205. What is the greatest common factor of 27 and c?
27
Suppose -2*j = 3*d - 0*j - 8, 0 = -d - 5*j - 19. Let x be ((-10)/(-7))/((-2)/(-14)). Let m be 356/20 - (-2)/x. What is the highest common factor of m and d?
6
Let f be (-4 + (-70)/(-15))*30. What is the highest common factor of f and 10?
10
Suppose -4*d + 14 = -2*r - 0, d - 17 = -4*r. Suppose -3*u = -4*m + 3, -m - m = r*u - 15. Calculate the greatest common divisor of 12 and m.
3
Let i be 38 - 7*(-3)/(-7). What is the highest common factor of 301 and i?
7
Suppose -7*j - 4 = -8*j. Suppose -3 + 1 = -2*d. Let r = 3 + d. What is the highest common factor of r and j?
4
Let i = -10 + 11. Let y be (-2 + 3)/i*5. Su